ose 3*a - 22 = q*a. Suppose -2*s + 5*s = -o + 64, 0 = 4*s - 12. What is the greatest common divisor of o and a?
11
Let o be (10 - 1)/(-4 + 10/2). Suppose o*k - 385 - 101 = 0. What is the highest common factor of 2 and k?
2
Let k = 4229 - 4224. What is the highest common factor of 125 and k?
5
Let y(v) be the first derivative of 0*v + 91/3*v**3 - v**2 - 20. Let t be y(-1). Calculate the greatest common divisor of t and 62.
31
Let s = -648 - -647. Let w be 9 - s/((-2)/(-408)). Calculate the greatest common divisor of w and 71.
71
Suppose 32*w - 1967 + 239 = 0. What is the highest common factor of w and 3?
3
Let d(i) = -i**2 + 36*i + 56. Let m be d(17). Let o = m - 335. Calculate the highest common factor of 836 and o.
44
Let f(x) = 5*x + 2. Let d(c) = 9*c + 5. Let q(z) = 4*d(z) - 7*f(z). Let y be q(1). Suppose -y*b + 4446 = 11*b. Calculate the highest common factor of 19 and b.
19
Let p be 2/10 - 2/25*-35. Suppose 0 = -p*u + 7*u - 372. Calculate the highest common divisor of 124 and u.
31
Suppose 9801 = -73*i + 62*i. Let j be 20/(-6)*i/6. What is the greatest common divisor of 99 and j?
99
Let o(k) = -26*k**3. Let s(x) = x**2 + 14*x + 26. Let v be s(-12). Let c be (v + 0 - 3)/1. Let u be o(c). Calculate the greatest common divisor of 39 and u.
13
Suppose 80681 - 5081 = 216*s. Calculate the highest common factor of s and 800.
50
Suppose 5*w - 3*m + 10 = -0*m, 2*m = 5*w + 5. Let d be ((3 - -2) + -4)*-11. Let f be 1 + -2 + (1 - d). Calculate the greatest common divisor of f and w.
1
Let q(c) = c**2 - 12*c + 25. Suppose 0 = r - 4 - 1. Suppose -40 = r*k - 9*k. Let g be q(k). What is the highest common divisor of 65 and g?
5
Suppose -29*c + 503040 = -376124. What is the greatest common divisor of c and 106?
106
Suppose 50 = p - 4*f, -p + 33*f - 36*f = -50. What is the greatest common factor of 1130 and p?
10
Let p be (48/(-120))/(2*1/(-20)). Let s = 140 + p. Suppose -r - 64 = -5*r. Calculate the highest common divisor of r and s.
16
Suppose -129669 - 316071 = -138*n. What is the greatest common factor of 2907 and n?
323
Let g(k) = 19*k**2 + 52*k + 543. Let x be g(-8). What is the greatest common factor of x and 17?
17
Let y be (-1 + -1)/2 + 19. Let i(l) = -l**2 + 47*l - 192. Suppose -630 = -389*f + 374*f. Let k be i(f). Calculate the highest common factor of y and k.
18
Suppose 2*l + 3*l = 475. Suppose 2*m - 40 = -8*m. Suppose -3*h + 29 = 2*z, 4*z - 83 = -z - m*h. What is the highest common divisor of l and z?
19
Let y = -5687 + 5710. Suppose j - 3*j = 602. Let u = -117 - j. Calculate the highest common divisor of u and y.
23
Let i = -1 + 3. Let g be (84/(-5))/(105/(-25) - -4). Let w = g + -83. Calculate the highest common divisor of i and w.
1
Let n be (-16)/(-1) - 71680/(-512). What is the highest common divisor of 299 and n?
13
Suppose 6 = -13*t + 15*t. Let z be 759/46*(-1 + t). What is the highest common divisor of z and 374?
11
Let j = -11438 - -11448. Calculate the greatest common factor of 430 and j.
10
Let p(d) = -21*d - 513. Let b be p(-27). Calculate the highest common divisor of b and 306.
18
Suppose 13*u - 5*u = -2416. Let w = -10 - 602. Let o = u - w. What is the highest common factor of o and 124?
62
Let p be (3 - 4256/4) + 0. Let f = -548 - p. What is the highest common divisor of 9 and f?
9
Let v be (33/(-6))/(4/(-8)). Let l = 20 - 12. Let d be (-2)/l - 1239/(-28). What is the highest common divisor of v and d?
11
Let k be ((1 - -6) + 3)/(114/1539). What is the highest common factor of 825 and k?
15
Let d = 89 + -15. Calculate the greatest common divisor of d and 333.
37
Let p(g) = 37*g**2 + 5*g - 8. Let m be p(-2). Suppose -104 = -110*w + 108*w. Calculate the highest common divisor of w and m.
26
Suppose -2*f + 38 = 5*d - 97, -5*d - f = -140. Suppose 58 = -2*g + 1852. Suppose 18*z - g = 3801. Calculate the highest common factor of z and d.
29
Let k = 148 - 76. Let j(l) = l**2 - 2*l + 11. Let t be j(-6). Let p = t + -50. Calculate the greatest common factor of p and k.
9
Let t = 2154 + -1934. What is the highest common factor of t and 500?
20
Let v(o) = -12*o**2 + 2. Let w be v(-2). Let p(g) = -2*g**3 - 8*g**2 + 56*g - 10. Let d be p(-8). Let t = w + d. What is the greatest common factor of t and 88?
8
Let w(k) = k**3 + 3*k**2 - 51*k - 10. Let s be w(6). What is the greatest common divisor of 472 and s?
8
Let g be (-4)/((-2)/(-6)*-3). Suppose 378 + 238 = 14*h. What is the highest common factor of g and h?
4
Let b be 196/102*108/72 - 2/(-17). What is the highest common divisor of b and 995?
1
Suppose -2727 + 303 = -6*w. What is the greatest common divisor of 10403 and w?
101
Suppose 146*f + 35190 = 153158. Calculate the highest common divisor of f and 9494.
202
Suppose 12*h + 832 = 4*h. Let t be (-234)/h*16/3. Suppose -t*r - 75 = -17*r. Calculate the greatest common factor of 120 and r.
15
Suppose -p + 54 = -2*s, -243 = 18*p - 22*p - s. Let a be 1/4 - (-885)/p. Calculate the greatest common factor of a and 75.
15
Let j be ((-6)/21 - 104/28)/2. Let v be (3 - -42)/((-3)/j). What is the highest common divisor of 750 and v?
30
Let b = 1905 - 1887. What is the highest common divisor of b and 981?
9
Let k(h) = 4*h**2 + 35*h - 477. Let t be k(25). Calculate the highest common factor of t and 92.
46
Let s = -155 - -149. Let h be (-80)/s*(-378)/(-30). Calculate the greatest common factor of h and 6.
6
Let l be 55/165 - (-1655)/3. Let x = l + -529. What is the highest common divisor of 943 and x?
23
Let z = 2064 + 663. Calculate the greatest common factor of z and 54.
27
Suppose -6919 = -148*j + 7025 - 3288. Calculate the greatest common factor of 6312 and j.
24
Suppose -115245 = -211*p + 75288. Calculate the greatest common divisor of 1161 and p.
129
Let o(f) = -9*f**3 + 9*f**2 + 14*f - 16. Let j be o(-3). What is the highest common divisor of 209 and j?
19
Let m(s) = -4*s - 33 + 28*s**2 + 31*s**2 - 53*s**2 - 11. Let q be m(-6). What is the greatest common divisor of q and 14?
14
Suppose 17*g = -408 + 873 + 24168. Calculate the greatest common divisor of g and 1656.
207
Suppose 3139 - 7593 = -2*s. Calculate the highest common divisor of 34 and s.
17
Let q = 119 - 83. Let w be (2/(-6))/(69/q + -2). Suppose w*v = -25 + 289. Calculate the greatest common factor of 165 and v.
33
Let a be -474*136/(-51) + (-22)/(-2). Calculate the highest common factor of 1875 and a.
75
Suppose t - 62 = -5*x, 3*x + t = 2*x + 14. Let s = -586 + 603. Let m be s/((-1071)/324)*-14. Calculate the greatest common factor of x and m.
12
Let k(w) = -w**3 + 2*w**2 - 4. Let y be k(2). Let p be (4284/68)/((-2)/y). What is the greatest common divisor of 9 and p?
9
Let p be (18/(-24))/(15/(-11640)). Calculate the highest common divisor of p and 2522.
194
Let l(m) = -m**3 + 33*m**2 + 7*m - 10. Let i = 102 + -69. Let p be l(i). What is the greatest common divisor of p and 17?
17
Suppose -45*m + 29057 + 18518 = 128*m. Calculate the greatest common divisor of 2850 and m.
25
Let u = 18302 - 9816. Calculate the highest common divisor of 2 and u.
2
Let q = -1110 - -1151. What is the greatest common factor of 4 and q?
1
Let x be (-1)/((-1)/23) + -7 + 6. Let l = -31 - -144. Suppose l = h - 129. Calculate the greatest common divisor of x and h.
22
Suppose -5*o = -4*q + 23, 0*q + 2*q + 5*o + 11 = 0. Let w be (-3)/q + 4/8 - -524. Let r = w - 303. Calculate the greatest common divisor of 20 and r.
20
Suppose 0 = 5*t + 2*r - 24648, -6*t - 316*r = -313*r - 29574. What is the highest common factor of t and 84?
12
Let p be 22/(-2) - -3*2/1. Let z be 55*(-2)/p*14/7. What is the greatest common divisor of 11 and z?
11
Let v be (272/10)/(5/25). Suppose v = t + 3*t. What is the greatest common divisor of t and 17?
17
Suppose 0 = 13*s - 17*s - 3*z + 20, -5*z - 5 = -s. Suppose -s*g = -5*v - 20, -g - 3*v + 5*v = 1. What is the greatest common divisor of 81 and g?
9
Let g be 6394/115 - (-90)/(-25). What is the greatest common divisor of g and 1352?
52
Let l(i) = -3*i**3 - 8*i**2 - 10*i + 14. Let j be l(-9). What is the highest common factor of j and 106?
53
Let r be 2*3/2 - (18 - 15). Suppose r = 3*n - 3*a - 282, -2*n + 4*a = n - 278. Calculate the highest common factor of n and 28.
14
Let u be (-1)/(2/352)*1363/(-94). Suppose 13*z + 407 = u. Calculate the highest common factor of z and 22.
11
Suppos